{"id":405,"date":"2023-02-03T10:31:52","date_gmt":"2023-02-03T10:31:52","guid":{"rendered":"https:\/\/cakeandco66.com\/?page_id=405"},"modified":"2023-02-08T17:20:19","modified_gmt":"2023-02-08T17:20:19","slug":"contacts","status":"publish","type":"page","link":"https:\/\/cakeandco66.com\/?page_id=405","title":{"rendered":"Contacts"},"content":{"rendered":"\t\t<div data-elementor-type=\"wp-page\" data-elementor-id=\"405\" class=\"elementor elementor-405\">\n\t\t\t\t\t\t\t\t\t<section class=\"elementor-section elementor-top-section elementor-element elementor-element-6942240 elementor-section-height-min-height elementor-section-items-top elementor-section-stretched elementor-section-boxed elementor-section-height-default\" data-id=\"6942240\" data-element_type=\"section\" data-settings=\"{&quot;stretch_section&quot;:&quot;section-stretched&quot;,&quot;background_background&quot;:&quot;classic&quot;}\">\n\t\t\t\t\t\t<div class=\"elementor-container elementor-column-gap-default\">\n\t\t\t\t\t<div class=\"elementor-column elementor-col-100 elementor-top-column elementor-element elementor-element-4536578\" data-id=\"4536578\" data-element_type=\"column\" data-settings=\"{&quot;background_background&quot;:&quot;classic&quot;}\">\n\t\t\t<div class=\"elementor-widget-wrap elementor-element-populated\">\n\t\t\t\t\t\t\t\t<div class=\"elementor-element elementor-element-61ba968 elementor-align-left elementor-icon-list--layout-traditional elementor-list-item-link-full_width elementor-widget elementor-widget-icon-list\" data-id=\"61ba968\" data-element_type=\"widget\" data-widget_type=\"icon-list.default\">\n\t\t\t\t<div class=\"elementor-widget-container\">\n\t\t\t<link rel=\"stylesheet\" href=\"https:\/\/cakeandco66.com\/wp-content\/uploads\/elementor\/css\/custom-widget-icon-list.min.css?ver=1675791411\">\t\t<ul class=\"elementor-icon-list-items\">\n\t\t\t\t\t\t\t<li class=\"elementor-icon-list-item\">\n\t\t\t\t\t\t\t\t\t\t\t<span class=\"elementor-icon-list-icon\">\n\t\t\t\t\t\t\t<i aria-hidden=\"true\" class=\"fas fa-phone-alt\"><\/i>\t\t\t\t\t\t<\/span>\n\t\t\t\t\t\t\t\t\t\t<span class=\"elementor-icon-list-text\">T\u00e9l\u00e9phone : 04 68 30 66 69<\/span>\n\t\t\t\t\t\t\t\t\t<\/li>\n\t\t\t\t\t\t\t\t<li class=\"elementor-icon-list-item\">\n\t\t\t\t\t\t\t\t\t\t\t<span class=\"elementor-icon-list-icon\">\n\t\t\t\t\t\t\t<i aria-hidden=\"true\" class=\"far fa-clock\"><\/i>\t\t\t\t\t\t<\/span>\n\t\t\t\t\t\t\t\t\t\t<span class=\"elementor-icon-list-text\">Horaires :<\/span>\n\t\t\t\t\t\t\t\t\t<\/li>\n\t\t\t\t\t\t<\/ul>\n\t\t\t\t<\/div>\n\t\t\t\t<\/div>\n\t\t\t\t<section class=\"elementor-section elementor-inner-section elementor-element elementor-element-df2b713 elementor-section-boxed elementor-section-height-default elementor-section-height-default\" data-id=\"df2b713\" data-element_type=\"section\">\n\t\t\t\t\t\t<div class=\"elementor-container elementor-column-gap-no\">\n\t\t\t\t\t<div class=\"elementor-column elementor-col-33 elementor-inner-column elementor-element elementor-element-b9d8820\" data-id=\"b9d8820\" data-element_type=\"column\">\n\t\t\t<div class=\"elementor-widget-wrap elementor-element-populated\">\n\t\t\t\t\t\t\t\t<div class=\"elementor-element elementor-element-b2c96b7 elementor-widget elementor-widget-text-editor\" data-id=\"b2c96b7\" data-element_type=\"widget\" data-widget_type=\"text-editor.default\">\n\t\t\t\t<div class=\"elementor-widget-container\">\n\t\t\t<style>\/*! elementor - v3.10.2 - 29-01-2023 *\/\n.elementor-widget-text-editor.elementor-drop-cap-view-stacked .elementor-drop-cap{background-color:#818a91;color:#fff}.elementor-widget-text-editor.elementor-drop-cap-view-framed .elementor-drop-cap{color:#818a91;border:3px solid;background-color:transparent}.elementor-widget-text-editor:not(.elementor-drop-cap-view-default) .elementor-drop-cap{margin-top:8px}.elementor-widget-text-editor:not(.elementor-drop-cap-view-default) .elementor-drop-cap-letter{width:1em;height:1em}.elementor-widget-text-editor .elementor-drop-cap{float:left;text-align:center;line-height:1;font-size:50px}.elementor-widget-text-editor .elementor-drop-cap-letter{display:inline-block}<\/style>\t\t\t\t<p>Lundi<\/p><p>Mardi<\/p><p>Mercredi<\/p><p>Jeudi<\/p><p>Vendredi<\/p><p>Samedi<\/p><p>Dimanche<\/p>\t\t\t\t\t\t<\/div>\n\t\t\t\t<\/div>\n\t\t\t\t\t<\/div>\n\t\t<\/div>\n\t\t\t\t<div class=\"elementor-column elementor-col-33 elementor-inner-column elementor-element elementor-element-f834d46\" data-id=\"f834d46\" data-element_type=\"column\">\n\t\t\t<div class=\"elementor-widget-wrap elementor-element-populated\">\n\t\t\t\t\t\t\t\t<div class=\"elementor-element elementor-element-99c6433 elementor-widget elementor-widget-text-editor\" data-id=\"99c6433\" data-element_type=\"widget\" data-widget_type=\"text-editor.default\">\n\t\t\t\t<div class=\"elementor-widget-container\">\n\t\t\t\t\t\t\t<p>Ferm\u00e9<\/p><p>09:00 &#8211; 12:30<\/p><p>09:00 &#8211; 12:30<\/p><p>09:00 &#8211; 12:30<\/p><p>09:00 &#8211; 12:30<\/p><p>08:00 &#8211; 12:30<\/p><p>08:00 &#8211; 12:30<\/p>\t\t\t\t\t\t<\/div>\n\t\t\t\t<\/div>\n\t\t\t\t\t<\/div>\n\t\t<\/div>\n\t\t\t\t<div class=\"elementor-column elementor-col-33 elementor-inner-column elementor-element elementor-element-a9779cb\" data-id=\"a9779cb\" data-element_type=\"column\">\n\t\t\t<div class=\"elementor-widget-wrap elementor-element-populated\">\n\t\t\t\t\t\t\t\t<div class=\"elementor-element elementor-element-6a3569a elementor-widget elementor-widget-text-editor\" data-id=\"6a3569a\" data-element_type=\"widget\" data-widget_type=\"text-editor.default\">\n\t\t\t\t<div class=\"elementor-widget-container\">\n\t\t\t\t\t\t\t<p>Ferm\u00e9<\/p><p>Ferm\u00e9<\/p><p>15:00 &#8211; 18:30<\/p><p>15:00 &#8211; 18:30<\/p><p>15:00 &#8211; 18:30<\/p><p>15:00 &#8211; 18:30<\/p><p>Ferm\u00e9<\/p>\t\t\t\t\t\t<\/div>\n\t\t\t\t<\/div>\n\t\t\t\t\t<\/div>\n\t\t<\/div>\n\t\t\t\t\t\t\t<\/div>\n\t\t<\/section>\n\t\t\t\t<div class=\"elementor-element elementor-element-9ccbbc9 elementor-icon-list--layout-inline elementor-align-center elementor-list-item-link-full_width elementor-widget elementor-widget-icon-list\" data-id=\"9ccbbc9\" data-element_type=\"widget\" data-widget_type=\"icon-list.default\">\n\t\t\t\t<div class=\"elementor-widget-container\">\n\t\t\t\t\t<ul class=\"elementor-icon-list-items elementor-inline-items\">\n\t\t\t\t\t\t\t<li class=\"elementor-icon-list-item elementor-inline-item\">\n\t\t\t\t\t\t\t\t\t\t\t<span class=\"elementor-icon-list-icon\">\n\t\t\t\t\t\t\t<i aria-hidden=\"true\" class=\"fas fa-map-pin\"><\/i>\t\t\t\t\t\t<\/span>\n\t\t\t\t\t\t\t\t\t\t<span class=\"elementor-icon-list-text\">125 Av. du G\u00e9n\u00e9ral de Gaulle, 66500 Prades<\/span>\n\t\t\t\t\t\t\t\t\t<\/li>\n\t\t\t\t\t\t<\/ul>\n\t\t\t\t<\/div>\n\t\t\t\t<\/div>\n\t\t\t\t<div class=\"elementor-element elementor-element-1a02392 elementor-widget elementor-widget-google_maps\" data-id=\"1a02392\" data-element_type=\"widget\" data-widget_type=\"google_maps.default\">\n\t\t\t\t<div class=\"elementor-widget-container\">\n\t\t\t<style>\/*! elementor - v3.10.2 - 29-01-2023 *\/\n.elementor-widget-google_maps .elementor-widget-container{overflow:hidden}.elementor-widget-google_maps iframe{height:300px}<\/style>\t\t<div class=\"elementor-custom-embed\">\n\t\t\t<iframe loading=\"lazy\"\n\t\t\t\t\tsrc=\"https:\/\/maps.google.com\/maps?q=Cake%20%26%20Co%20125%20Av.%20du%20G%C3%A9n%C3%A9ral%20de%20Gaulle%2C%2066500%20Prades&#038;t=m&#038;z=15&#038;output=embed&#038;iwloc=near\"\n\t\t\t\t\ttitle=\"Cake &amp; Co 125 Av. du G\u00e9n\u00e9ral de Gaulle, 66500 Prades\"\n\t\t\t\t\taria-label=\"Cake &amp; Co 125 Av. du G\u00e9n\u00e9ral de Gaulle, 66500 Prades\"\n\t\t\t><\/iframe>\n\t\t<\/div>\n\t\t\t\t<\/div>\n\t\t\t\t<\/div>\n\t\t\t\t\t<\/div>\n\t\t<\/div>\n\t\t\t\t\t\t\t<\/div>\n\t\t<\/section>\n\t\t\t\t\t\t\t<\/div>\n\t\t","protected":false},"excerpt":{"rendered":"<p>T\u00e9l\u00e9phone : 04 68 30 66 69 Horaires : Lundi Mardi Mercredi Jeudi Vendredi Samedi Dimanche Ferm\u00e9 09:00 &#8211; 12:30 09:00 &#8211; 12:30 09:00 &#8211; 12:30 09:00 &#8211; 12:30 08:00 &#8211; 12:30 08:00 &#8211; 12:30 Ferm\u00e9 Ferm\u00e9 15:00 &#8211; 18:30 15:00 &#8211; 18:30 15:00 &#8211; 18:30 15:00 &#8211; 18:30 Ferm\u00e9 125 Av. du G\u00e9n\u00e9ral de [&hellip;]<\/p>\n","protected":false},"author":1,"featured_media":0,"parent":0,"menu_order":0,"comment_status":"closed","ping_status":"closed","template":"","meta":{"om_disable_all_campaigns":false,"_monsterinsights_skip_tracking":false,"_monsterinsights_sitenote_active":false,"_monsterinsights_sitenote_note":"","_monsterinsights_sitenote_category":0},"aioseo_notices":[],"yoast_head":"<!-- This site is optimized with the Yoast SEO plugin v20.1 - https:\/\/yoast.com\/wordpress\/plugins\/seo\/ -->\n<title>Contacts - Cake &amp; Co<\/title>\n<meta name=\"robots\" content=\"index, follow, max-snippet:-1, max-image-preview:large, max-video-preview:-1\" \/>\n<link rel=\"canonical\" href=\"https:\/\/cakeandco66.com\/?page_id=405\" \/>\n<meta property=\"og:locale\" content=\"en_US\" \/>\n<meta property=\"og:type\" content=\"article\" \/>\n<meta property=\"og:title\" content=\"Contacts - Cake &amp; Co\" \/>\n<meta property=\"og:description\" content=\"T\u00e9l\u00e9phone : 04 68 30 66 69 Horaires : Lundi Mardi Mercredi Jeudi Vendredi Samedi Dimanche Ferm\u00e9 09:00 &#8211; 12:30 09:00 &#8211; 12:30 09:00 &#8211; 12:30 09:00 &#8211; 12:30 08:00 &#8211; 12:30 08:00 &#8211; 12:30 Ferm\u00e9 Ferm\u00e9 15:00 &#8211; 18:30 15:00 &#8211; 18:30 15:00 &#8211; 18:30 15:00 &#8211; 18:30 Ferm\u00e9 125 Av. du G\u00e9n\u00e9ral de [&hellip;]\" \/>\n<meta property=\"og:url\" content=\"https:\/\/cakeandco66.com\/?page_id=405\" \/>\n<meta property=\"og:site_name\" content=\"Cake &amp; Co\" \/>\n<meta property=\"article:modified_time\" content=\"2023-02-08T17:20:19+00:00\" \/>\n<meta name=\"twitter:card\" content=\"summary_large_image\" \/>\n<meta name=\"twitter:label1\" content=\"Est. reading time\" \/>\n\t<meta name=\"twitter:data1\" content=\"1 minute\" \/>\n<script type=\"application\/ld+json\" class=\"yoast-schema-graph\">{\"@context\":\"https:\/\/schema.org\",\"@graph\":[{\"@type\":\"WebPage\",\"@id\":\"https:\/\/cakeandco66.com\/?page_id=405\",\"url\":\"https:\/\/cakeandco66.com\/?page_id=405\",\"name\":\"Contacts - Cake &amp; Co\",\"isPartOf\":{\"@id\":\"https:\/\/cakeandco66.com\/#website\"},\"datePublished\":\"2023-02-03T10:31:52+00:00\",\"dateModified\":\"2023-02-08T17:20:19+00:00\",\"breadcrumb\":{\"@id\":\"https:\/\/cakeandco66.com\/?page_id=405#breadcrumb\"},\"inLanguage\":\"en-US\",\"potentialAction\":[{\"@type\":\"ReadAction\",\"target\":[\"https:\/\/cakeandco66.com\/?page_id=405\"]}]},{\"@type\":\"BreadcrumbList\",\"@id\":\"https:\/\/cakeandco66.com\/?page_id=405#breadcrumb\",\"itemListElement\":[{\"@type\":\"ListItem\",\"position\":1,\"name\":\"Home\",\"item\":\"https:\/\/cakeandco66.com\/\"},{\"@type\":\"ListItem\",\"position\":2,\"name\":\"Contacts\"}]},{\"@type\":\"WebSite\",\"@id\":\"https:\/\/cakeandco66.com\/#website\",\"url\":\"https:\/\/cakeandco66.com\/\",\"name\":\"Cake &amp; Co\",\"description\":\"Cr\u00e9ations P\u00e2tissi\u00e8res\",\"potentialAction\":[{\"@type\":\"SearchAction\",\"target\":{\"@type\":\"EntryPoint\",\"urlTemplate\":\"https:\/\/cakeandco66.com\/?s={search_term_string}\"},\"query-input\":\"required name=search_term_string\"}],\"inLanguage\":\"en-US\"}]}<\/script>\n<!-- \/ Yoast SEO plugin. -->","yoast_head_json":{"title":"Contacts - Cake &amp; Co","robots":{"index":"index","follow":"follow","max-snippet":"max-snippet:-1","max-image-preview":"max-image-preview:large","max-video-preview":"max-video-preview:-1"},"canonical":"https:\/\/cakeandco66.com\/?page_id=405","og_locale":"en_US","og_type":"article","og_title":"Contacts - Cake &amp; Co","og_description":"T\u00e9l\u00e9phone : 04 68 30 66 69 Horaires : Lundi Mardi Mercredi Jeudi Vendredi Samedi Dimanche Ferm\u00e9 09:00 &#8211; 12:30 09:00 &#8211; 12:30 09:00 &#8211; 12:30 09:00 &#8211; 12:30 08:00 &#8211; 12:30 08:00 &#8211; 12:30 Ferm\u00e9 Ferm\u00e9 15:00 &#8211; 18:30 15:00 &#8211; 18:30 15:00 &#8211; 18:30 15:00 &#8211; 18:30 Ferm\u00e9 125 Av. du G\u00e9n\u00e9ral de [&hellip;]","og_url":"https:\/\/cakeandco66.com\/?page_id=405","og_site_name":"Cake &amp; Co","article_modified_time":"2023-02-08T17:20:19+00:00","twitter_card":"summary_large_image","twitter_misc":{"Est. reading time":"1 minute"},"schema":{"@context":"https:\/\/schema.org","@graph":[{"@type":"WebPage","@id":"https:\/\/cakeandco66.com\/?page_id=405","url":"https:\/\/cakeandco66.com\/?page_id=405","name":"Contacts - Cake &amp; Co","isPartOf":{"@id":"https:\/\/cakeandco66.com\/#website"},"datePublished":"2023-02-03T10:31:52+00:00","dateModified":"2023-02-08T17:20:19+00:00","breadcrumb":{"@id":"https:\/\/cakeandco66.com\/?page_id=405#breadcrumb"},"inLanguage":"en-US","potentialAction":[{"@type":"ReadAction","target":["https:\/\/cakeandco66.com\/?page_id=405"]}]},{"@type":"BreadcrumbList","@id":"https:\/\/cakeandco66.com\/?page_id=405#breadcrumb","itemListElement":[{"@type":"ListItem","position":1,"name":"Home","item":"https:\/\/cakeandco66.com\/"},{"@type":"ListItem","position":2,"name":"Contacts"}]},{"@type":"WebSite","@id":"https:\/\/cakeandco66.com\/#website","url":"https:\/\/cakeandco66.com\/","name":"Cake &amp; Co","description":"Cr\u00e9ations P\u00e2tissi\u00e8res","potentialAction":[{"@type":"SearchAction","target":{"@type":"EntryPoint","urlTemplate":"https:\/\/cakeandco66.com\/?s={search_term_string}"},"query-input":"required name=search_term_string"}],"inLanguage":"en-US"}]}},"_links":{"self":[{"href":"https:\/\/cakeandco66.com\/index.php?rest_route=\/wp\/v2\/pages\/405"}],"collection":[{"href":"https:\/\/cakeandco66.com\/index.php?rest_route=\/wp\/v2\/pages"}],"about":[{"href":"https:\/\/cakeandco66.com\/index.php?rest_route=\/wp\/v2\/types\/page"}],"author":[{"embeddable":true,"href":"https:\/\/cakeandco66.com\/index.php?rest_route=\/wp\/v2\/users\/1"}],"replies":[{"embeddable":true,"href":"https:\/\/cakeandco66.com\/index.php?rest_route=%2Fwp%2Fv2%2Fcomments&post=405"}],"version-history":[{"count":52,"href":"https:\/\/cakeandco66.com\/index.php?rest_route=\/wp\/v2\/pages\/405\/revisions"}],"predecessor-version":[{"id":910,"href":"https:\/\/cakeandco66.com\/index.php?rest_route=\/wp\/v2\/pages\/405\/revisions\/910"}],"wp:attachment":[{"href":"https:\/\/cakeandco66.com\/index.php?rest_route=%2Fwp%2Fv2%2Fmedia&parent=405"}],"curies":[{"name":"wp","href":"https:\/\/api.w.org\/{rel}","templated":true}]}}