{"id":39,"date":"2023-01-30T16:47:00","date_gmt":"2023-01-30T16:47:00","guid":{"rendered":"https:\/\/cakeandco66.com\/?page_id=39"},"modified":"2023-02-07T18:25:40","modified_gmt":"2023-02-07T18:25:40","slug":"nos-services","status":"publish","type":"page","link":"https:\/\/cakeandco66.com\/?page_id=39","title":{"rendered":"Nos services"},"content":{"rendered":"\t\t<div data-elementor-type=\"wp-page\" data-elementor-id=\"39\" class=\"elementor elementor-39\">\n\t\t\t\t\t\t\t\t\t<section class=\"elementor-section elementor-top-section elementor-element elementor-element-f5b9288 elementor-section-full_width elementor-section-height-min-height elementor-section-items-stretch elementor-section-content-middle elementor-section-stretched elementor-section-height-default\" data-id=\"f5b9288\" data-element_type=\"section\" data-settings=\"{&quot;stretch_section&quot;:&quot;section-stretched&quot;}\">\n\t\t\t\t\t\t<div class=\"elementor-container elementor-column-gap-no\">\n\t\t\t\t\t<div class=\"elementor-column elementor-col-100 elementor-top-column elementor-element elementor-element-2c3922d\" data-id=\"2c3922d\" data-element_type=\"column\">\n\t\t\t<div class=\"elementor-widget-wrap elementor-element-populated\">\n\t\t\t\t\t\t\t\t<div class=\"elementor-element elementor-element-6ea0832 elementor-widget__width-auto elementor-absolute elementor-invisible elementor-widget elementor-widget-image\" data-id=\"6ea0832\" data-element_type=\"widget\" data-settings=\"{&quot;_animation&quot;:&quot;slideInLeft&quot;,&quot;_position&quot;:&quot;absolute&quot;}\" data-widget_type=\"image.default\">\n\t\t\t\t<div class=\"elementor-widget-container\">\n\t\t\t<style>\/*! elementor - v3.10.2 - 29-01-2023 *\/\n.elementor-widget-image{text-align:center}.elementor-widget-image a{display:inline-block}.elementor-widget-image a img[src$=\".svg\"]{width:48px}.elementor-widget-image img{vertical-align:middle;display:inline-block}<\/style>\t\t\t\t\t\t\t\t\t\t\t\t<img decoding=\"async\" width=\"806\" height=\"1024\" src=\"https:\/\/cakeandco66.com\/wp-content\/uploads\/2023\/01\/sans-titre-13-806x1024.jpg\" class=\"attachment-large size-large wp-image-60\" alt=\"\" loading=\"lazy\" srcset=\"https:\/\/cakeandco66.com\/wp-content\/uploads\/2023\/01\/sans-titre-13-806x1024.jpg 806w, https:\/\/cakeandco66.com\/wp-content\/uploads\/2023\/01\/sans-titre-13-236x300.jpg 236w, https:\/\/cakeandco66.com\/wp-content\/uploads\/2023\/01\/sans-titre-13-768x976.jpg 768w, https:\/\/cakeandco66.com\/wp-content\/uploads\/2023\/01\/sans-titre-13-1209x1536.jpg 1209w, https:\/\/cakeandco66.com\/wp-content\/uploads\/2023\/01\/sans-titre-13-1612x2048.jpg 1612w, https:\/\/cakeandco66.com\/wp-content\/uploads\/2023\/01\/sans-titre-13-scaled.jpg 2015w\" sizes=\"(max-width: 806px) 100vw, 806px\" \/>\t\t\t\t\t\t\t\t\t\t\t\t\t\t\t<\/div>\n\t\t\t\t<\/div>\n\t\t\t\t<div class=\"elementor-element elementor-element-db88b0a elementor-absolute elementor-invisible elementor-widget elementor-widget-image\" data-id=\"db88b0a\" data-element_type=\"widget\" data-settings=\"{&quot;_animation&quot;:&quot;slideInRight&quot;,&quot;_animation_delay&quot;:200,&quot;_position&quot;:&quot;absolute&quot;}\" data-widget_type=\"image.default\">\n\t\t\t\t<div class=\"elementor-widget-container\">\n\t\t\t\t\t\t\t\t\t\t\t\t\t\t\t<img decoding=\"async\" width=\"2560\" height=\"1982\" src=\"https:\/\/cakeandco66.com\/wp-content\/uploads\/2023\/01\/sans-titre-19-scaled.jpg\" class=\"attachment-full size-full wp-image-65\" alt=\"\" loading=\"lazy\" srcset=\"https:\/\/cakeandco66.com\/wp-content\/uploads\/2023\/01\/sans-titre-19-scaled.jpg 2560w, https:\/\/cakeandco66.com\/wp-content\/uploads\/2023\/01\/sans-titre-19-300x232.jpg 300w, https:\/\/cakeandco66.com\/wp-content\/uploads\/2023\/01\/sans-titre-19-1024x793.jpg 1024w, https:\/\/cakeandco66.com\/wp-content\/uploads\/2023\/01\/sans-titre-19-768x595.jpg 768w, https:\/\/cakeandco66.com\/wp-content\/uploads\/2023\/01\/sans-titre-19-1536x1189.jpg 1536w, https:\/\/cakeandco66.com\/wp-content\/uploads\/2023\/01\/sans-titre-19-2048x1586.jpg 2048w\" sizes=\"(max-width: 2560px) 100vw, 2560px\" \/>\t\t\t\t\t\t\t\t\t\t\t\t\t\t\t<\/div>\n\t\t\t\t<\/div>\n\t\t\t\t<section class=\"elementor-section elementor-inner-section elementor-element elementor-element-e18813a elementor-section-height-min-height elementor-section-content-middle elementor-section-boxed elementor-section-height-default\" data-id=\"e18813a\" data-element_type=\"section\" data-settings=\"{&quot;background_background&quot;:&quot;classic&quot;}\">\n\t\t\t\t\t\t<div class=\"elementor-container elementor-column-gap-no\">\n\t\t\t\t\t<div class=\"elementor-column elementor-col-100 elementor-inner-column elementor-element elementor-element-b08a53c\" data-id=\"b08a53c\" data-element_type=\"column\">\n\t\t\t<div class=\"elementor-widget-wrap elementor-element-populated\">\n\t\t\t\t\t\t\t\t<div class=\"elementor-element elementor-element-9eabd1e elementor-invisible elementor-widget elementor-widget-heading\" data-id=\"9eabd1e\" data-element_type=\"widget\" data-settings=\"{&quot;_animation&quot;:&quot;fadeIn&quot;}\" data-widget_type=\"heading.default\">\n\t\t\t\t<div class=\"elementor-widget-container\">\n\t\t\t<style>\/*! elementor - v3.10.2 - 29-01-2023 *\/\n.elementor-heading-title{padding:0;margin:0;line-height:1}.elementor-widget-heading .elementor-heading-title[class*=elementor-size-]>a{color:inherit;font-size:inherit;line-height:inherit}.elementor-widget-heading .elementor-heading-title.elementor-size-small{font-size:15px}.elementor-widget-heading .elementor-heading-title.elementor-size-medium{font-size:19px}.elementor-widget-heading .elementor-heading-title.elementor-size-large{font-size:29px}.elementor-widget-heading .elementor-heading-title.elementor-size-xl{font-size:39px}.elementor-widget-heading .elementor-heading-title.elementor-size-xxl{font-size:59px}<\/style><h2 class=\"elementor-heading-title elementor-size-default\">bar \u00e0 cookies et th\u00e9s.<\/h2>\t\t<\/div>\n\t\t\t\t<\/div>\n\t\t\t\t<div class=\"elementor-element elementor-element-cf75c61 elementor-invisible elementor-widget elementor-widget-text-editor\" data-id=\"cf75c61\" data-element_type=\"widget\" data-settings=\"{&quot;_animation&quot;:&quot;fadeIn&quot;,&quot;_animation_delay&quot;:200}\" data-widget_type=\"text-editor.default\">\n\t\t\t\t<div class=\"elementor-widget-container\">\n\t\t\t<style>\/*! elementor - v3.10.2 - 29-01-2023 *\/\n.elementor-widget-text-editor.elementor-drop-cap-view-stacked .elementor-drop-cap{background-color:#818a91;color:#fff}.elementor-widget-text-editor.elementor-drop-cap-view-framed .elementor-drop-cap{color:#818a91;border:3px solid;background-color:transparent}.elementor-widget-text-editor:not(.elementor-drop-cap-view-default) .elementor-drop-cap{margin-top:8px}.elementor-widget-text-editor:not(.elementor-drop-cap-view-default) .elementor-drop-cap-letter{width:1em;height:1em}.elementor-widget-text-editor .elementor-drop-cap{float:left;text-align:center;line-height:1;font-size:50px}.elementor-widget-text-editor .elementor-drop-cap-letter{display:inline-block}<\/style>\t\t\t\tLorem ipsum dolor sit amet, consectetur adipiscing elit. Sed auctor turpis eu arcu sagittis, id sagittis justo suscipit. Aliquam erat volutpat. Integer finibus sem felis, luctus tristique ipsum efficitur quis. Fusce cursus quis risus fringilla tristique\t\t\t\t\t\t<\/div>\n\t\t\t\t<\/div>\n\t\t\t\t\t<\/div>\n\t\t<\/div>\n\t\t\t\t\t\t\t<\/div>\n\t\t<\/section>\n\t\t\t\t\t<\/div>\n\t\t<\/div>\n\t\t\t\t\t\t\t<\/div>\n\t\t<\/section>\n\t\t\t\t\t\t\t<\/div>\n\t\t","protected":false},"excerpt":{"rendered":"<p>bar \u00e0 cookies et th\u00e9s. Lorem ipsum dolor sit amet, consectetur adipiscing elit. Sed auctor turpis eu arcu sagittis, id sagittis justo suscipit. Aliquam erat volutpat. Integer finibus sem felis, luctus tristique ipsum efficitur quis. Fusce cursus quis risus fringilla tristique<\/p>\n","protected":false},"author":1,"featured_media":0,"parent":0,"menu_order":0,"comment_status":"closed","ping_status":"closed","template":"","meta":{"om_disable_all_campaigns":false,"_monsterinsights_skip_tracking":false,"_monsterinsights_sitenote_active":false,"_monsterinsights_sitenote_note":"","_monsterinsights_sitenote_category":0},"aioseo_notices":[],"yoast_head":"<!-- This site is optimized with the Yoast SEO plugin v20.1 - https:\/\/yoast.com\/wordpress\/plugins\/seo\/ -->\n<title>Nos services - Cake &amp; Co<\/title>\n<meta name=\"robots\" content=\"index, follow, max-snippet:-1, max-image-preview:large, max-video-preview:-1\" \/>\n<link rel=\"canonical\" href=\"https:\/\/cakeandco66.com\/?page_id=39\" \/>\n<meta property=\"og:locale\" content=\"en_US\" \/>\n<meta property=\"og:type\" content=\"article\" \/>\n<meta property=\"og:title\" content=\"Nos services - Cake &amp; Co\" \/>\n<meta property=\"og:description\" content=\"bar \u00e0 cookies et th\u00e9s. Lorem ipsum dolor sit amet, consectetur adipiscing elit. Sed auctor turpis eu arcu sagittis, id sagittis justo suscipit. Aliquam erat volutpat. Integer finibus sem felis, luctus tristique ipsum efficitur quis. Fusce cursus quis risus fringilla tristique\" \/>\n<meta property=\"og:url\" content=\"https:\/\/cakeandco66.com\/?page_id=39\" \/>\n<meta property=\"og:site_name\" content=\"Cake &amp; Co\" \/>\n<meta property=\"article:modified_time\" content=\"2023-02-07T18:25:40+00:00\" \/>\n<meta property=\"og:image\" content=\"http:\/\/cakeandco66.com\/wp-content\/uploads\/2023\/01\/sans-titre-13-806x1024.jpg\" \/>\n<meta name=\"twitter:card\" content=\"summary_large_image\" \/>\n<script type=\"application\/ld+json\" class=\"yoast-schema-graph\">{\"@context\":\"https:\/\/schema.org\",\"@graph\":[{\"@type\":\"WebPage\",\"@id\":\"https:\/\/cakeandco66.com\/?page_id=39\",\"url\":\"https:\/\/cakeandco66.com\/?page_id=39\",\"name\":\"Nos services - Cake &amp; Co\",\"isPartOf\":{\"@id\":\"https:\/\/cakeandco66.com\/#website\"},\"datePublished\":\"2023-01-30T16:47:00+00:00\",\"dateModified\":\"2023-02-07T18:25:40+00:00\",\"breadcrumb\":{\"@id\":\"https:\/\/cakeandco66.com\/?page_id=39#breadcrumb\"},\"inLanguage\":\"en-US\",\"potentialAction\":[{\"@type\":\"ReadAction\",\"target\":[\"https:\/\/cakeandco66.com\/?page_id=39\"]}]},{\"@type\":\"BreadcrumbList\",\"@id\":\"https:\/\/cakeandco66.com\/?page_id=39#breadcrumb\",\"itemListElement\":[{\"@type\":\"ListItem\",\"position\":1,\"name\":\"Home\",\"item\":\"https:\/\/cakeandco66.com\/\"},{\"@type\":\"ListItem\",\"position\":2,\"name\":\"Nos services\"}]},{\"@type\":\"WebSite\",\"@id\":\"https:\/\/cakeandco66.com\/#website\",\"url\":\"https:\/\/cakeandco66.com\/\",\"name\":\"Cake &amp; Co\",\"description\":\"Cr\u00e9ations P\u00e2tissi\u00e8res\",\"potentialAction\":[{\"@type\":\"SearchAction\",\"target\":{\"@type\":\"EntryPoint\",\"urlTemplate\":\"https:\/\/cakeandco66.com\/?s={search_term_string}\"},\"query-input\":\"required name=search_term_string\"}],\"inLanguage\":\"en-US\"}]}<\/script>\n<!-- \/ Yoast SEO plugin. -->","yoast_head_json":{"title":"Nos services - Cake &amp; Co","robots":{"index":"index","follow":"follow","max-snippet":"max-snippet:-1","max-image-preview":"max-image-preview:large","max-video-preview":"max-video-preview:-1"},"canonical":"https:\/\/cakeandco66.com\/?page_id=39","og_locale":"en_US","og_type":"article","og_title":"Nos services - Cake &amp; Co","og_description":"bar \u00e0 cookies et th\u00e9s. Lorem ipsum dolor sit amet, consectetur adipiscing elit. Sed auctor turpis eu arcu sagittis, id sagittis justo suscipit. Aliquam erat volutpat. Integer finibus sem felis, luctus tristique ipsum efficitur quis. Fusce cursus quis risus fringilla tristique","og_url":"https:\/\/cakeandco66.com\/?page_id=39","og_site_name":"Cake &amp; Co","article_modified_time":"2023-02-07T18:25:40+00:00","og_image":[{"url":"http:\/\/cakeandco66.com\/wp-content\/uploads\/2023\/01\/sans-titre-13-806x1024.jpg"}],"twitter_card":"summary_large_image","schema":{"@context":"https:\/\/schema.org","@graph":[{"@type":"WebPage","@id":"https:\/\/cakeandco66.com\/?page_id=39","url":"https:\/\/cakeandco66.com\/?page_id=39","name":"Nos services - Cake &amp; Co","isPartOf":{"@id":"https:\/\/cakeandco66.com\/#website"},"datePublished":"2023-01-30T16:47:00+00:00","dateModified":"2023-02-07T18:25:40+00:00","breadcrumb":{"@id":"https:\/\/cakeandco66.com\/?page_id=39#breadcrumb"},"inLanguage":"en-US","potentialAction":[{"@type":"ReadAction","target":["https:\/\/cakeandco66.com\/?page_id=39"]}]},{"@type":"BreadcrumbList","@id":"https:\/\/cakeandco66.com\/?page_id=39#breadcrumb","itemListElement":[{"@type":"ListItem","position":1,"name":"Home","item":"https:\/\/cakeandco66.com\/"},{"@type":"ListItem","position":2,"name":"Nos services"}]},{"@type":"WebSite","@id":"https:\/\/cakeandco66.com\/#website","url":"https:\/\/cakeandco66.com\/","name":"Cake &amp; Co","description":"Cr\u00e9ations P\u00e2tissi\u00e8res","potentialAction":[{"@type":"SearchAction","target":{"@type":"EntryPoint","urlTemplate":"https:\/\/cakeandco66.com\/?s={search_term_string}"},"query-input":"required name=search_term_string"}],"inLanguage":"en-US"}]}},"_links":{"self":[{"href":"https:\/\/cakeandco66.com\/index.php?rest_route=\/wp\/v2\/pages\/39"}],"collection":[{"href":"https:\/\/cakeandco66.com\/index.php?rest_route=\/wp\/v2\/pages"}],"about":[{"href":"https:\/\/cakeandco66.com\/index.php?rest_route=\/wp\/v2\/types\/page"}],"author":[{"embeddable":true,"href":"https:\/\/cakeandco66.com\/index.php?rest_route=\/wp\/v2\/users\/1"}],"replies":[{"embeddable":true,"href":"https:\/\/cakeandco66.com\/index.php?rest_route=%2Fwp%2Fv2%2Fcomments&post=39"}],"version-history":[{"count":19,"href":"https:\/\/cakeandco66.com\/index.php?rest_route=\/wp\/v2\/pages\/39\/revisions"}],"predecessor-version":[{"id":603,"href":"https:\/\/cakeandco66.com\/index.php?rest_route=\/wp\/v2\/pages\/39\/revisions\/603"}],"wp:attachment":[{"href":"https:\/\/cakeandco66.com\/index.php?rest_route=%2Fwp%2Fv2%2Fmedia&parent=39"}],"curies":[{"name":"wp","href":"https:\/\/api.w.org\/{rel}","templated":true}]}}